{"id":421,"date":"2023-06-27T23:12:28","date_gmt":"2023-06-27T23:12:28","guid":{"rendered":"https:\/\/heme.pt\/loja\/?page_id=421"},"modified":"2023-10-20T22:03:40","modified_gmt":"2023-10-20T22:03:40","slug":"guia-de-manutencao","status":"publish","type":"page","link":"https:\/\/heme.pt\/loja\/guia-de-manutencao\/","title":{"rendered":"Guia de Manuten\u00e7\u00e3o"},"content":{"rendered":"\n\n\t<section class=\"section\" id=\"section_1368748948\">\n\t\t<div class=\"section-bg fill\" >\n\t\t\t\t\t\t\t\t\t\n\t\t\t\n\n\t\t<\/div>\n\n\t\t\n\n\t\t<div class=\"section-content relative\">\n\t\t\t\n\n  <div id=\"page-header-1152880975\" class=\"page-header-wrapper\">\n  <div class=\"page-title light simple-title\">\n\n    \n    <div class=\"page-title-inner container align-center flex-row medium-flex-wrap\" >\n              <div class=\"title-wrapper is-xlarge flex-col text-left medium-text-center\">\n          <h1 class=\"entry-title mb-0\">\n            Guia de Manuten\u00e7\u00e3o          <\/h1>\n        <\/div>\n                    <div class=\"title-content flex-col flex-right text-right medium-text-center\">\n        <ul class=\"nav sm-touch-scroll nav-bold nav-uppercase text-left nav-left\"><li class=\"nav-single-page hidden\"><\/li><\/ul>      <\/div>\n    <\/div>\n\n     \n<style>\n#page-header-1152880975 {\n  margin-bottom: 20px;\n}\n<\/style>\n  <\/div>\n    <\/div>\n  \n\n\n\nMANUTEN\u00c7\u00c3O \/ UTILIZA\u00c7\u00c3O \/ CARACTER\u00cdSTICAS DOS MATERIAIS:<br><span class=\"Apple-converted-space\">&nbsp;<\/span><br>A madeira \u00e9 um produto natural e por isso n\u00e3o \u00e9 isento de n\u00f3s, manchas, heterogeneidade na tonalidade, veios mais escuros ou mais claros, empenos, entre outros. O mesmo se aplica para a pedra pois poder\u00e1 apresentar manchas, heterogeneidade na tonalidade, inconstante dispers\u00e3o dos veios, entre outros.<br><span class=\"Apple-converted-space\">&nbsp;<\/span><br>As imagens presentes neste site s\u00e3o representativas pelo que, tendo em conta a naturalidade dos materiais utilizados poder\u00e1 existir, de pe\u00e7a para pe\u00e7a ou at\u00e9 entre os componentes da mesma pe\u00e7a, diverg\u00eancias no aspecto visual. Neste sentido, n\u00e3o haver\u00e1 duas pe\u00e7as iguais, sendo pe\u00e7as \u00fanicas.<br><span class=\"Apple-converted-space\">&nbsp;<\/span><br>Os nossos produtos foram desenvoldidos para utiliza\u00e7\u00e3o interior com condi\u00e7\u00f5es de humidade reduzida e temperatura controlada. A exposi\u00e7\u00e3o dos produtos em madeira a locais com condi\u00e7\u00f5es anormais poder\u00e3o causar empenos ou outras anomalias irrevers\u00edveis nos elementos.<br>L\u00edquidos mais agressivos (como o vinho, caf\u00e9, vinagre, lim\u00e3o, entre outros) s\u00e3o facilmente absorvidos pela madeira e pela pedra causando manchas profundas e irrepar\u00e1veis. Desta forma \u00e9 muito importante que seque os derrames imediatamente.<br>Recomenda-se a utiliza\u00e7\u00e3o de bases para copos ou outros elementos de prote\u00e7\u00e3o imperme\u00e1veis.<span class=\"Apple-converted-space\">&nbsp;<\/span><br><span class=\"Apple-converted-space\"><\/span><br>Limpeza dos elementos em madeira:<br>&#8211; Use um pano macio (nomeadamente de microfibras) ligeiramente humidecido apenas com \u00e1gua e bem espremido. Passe logo de seguida com um pano seco;<br>Limpeza dos elementos em pedra:<span class=\"Apple-converted-space\">&nbsp;<\/span><br>\u2013 Limpe as superf\u00edcies de pedra com um detergente neutro ou detergente para lavar lou\u00e7a com \u00e1gua morna. Use um pano macio e limpo para obter melhores resultados. N\u00e3o utilize produtos que contenham lim\u00e3o, vinagre ou outros \u00e1cidos. N\u00e3o utilize p\u00f3s de limpeza ou cremes; esses produtos cont\u00eam abrasivos que podem arranhar a superf\u00edcie.\n\n\n\t\t<\/div>\n\n\t\t\n<style>\n#section_1368748948 {\n  padding-top: 10px;\n  padding-bottom: 10px;\n}\n<\/style>\n\t<\/section>\n\t\n","protected":false},"excerpt":{"rendered":"","protected":false},"author":1,"featured_media":0,"parent":0,"menu_order":0,"comment_status":"closed","ping_status":"open","template":"","meta":{"footnotes":""},"class_list":["post-421","page","type-page","status-publish","hentry"],"_links":{"self":[{"href":"https:\/\/heme.pt\/loja\/wp-json\/wp\/v2\/pages\/421","targetHints":{"allow":["GET"]}}],"collection":[{"href":"https:\/\/heme.pt\/loja\/wp-json\/wp\/v2\/pages"}],"about":[{"href":"https:\/\/heme.pt\/loja\/wp-json\/wp\/v2\/types\/page"}],"author":[{"embeddable":true,"href":"https:\/\/heme.pt\/loja\/wp-json\/wp\/v2\/users\/1"}],"replies":[{"embeddable":true,"href":"https:\/\/heme.pt\/loja\/wp-json\/wp\/v2\/comments?post=421"}],"version-history":[{"count":2,"href":"https:\/\/heme.pt\/loja\/wp-json\/wp\/v2\/pages\/421\/revisions"}],"predecessor-version":[{"id":423,"href":"https:\/\/heme.pt\/loja\/wp-json\/wp\/v2\/pages\/421\/revisions\/423"}],"wp:attachment":[{"href":"https:\/\/heme.pt\/loja\/wp-json\/wp\/v2\/media?parent=421"}],"curies":[{"name":"wp","href":"https:\/\/api.w.org\/{rel}","templated":true}]}}