{"id":53,"date":"2023-06-27T17:47:43","date_gmt":"2023-06-27T17:47:43","guid":{"rendered":"https:\/\/heme.pt\/loja\/produto\/mesa-de-centro-ferreira-do-zezere\/"},"modified":"2023-07-22T17:47:36","modified_gmt":"2023-07-22T17:47:36","slug":"mesa-de-centro-ferreira-do-zezere","status":"publish","type":"product","link":"https:\/\/heme.pt\/loja\/produto\/mesa-de-centro-ferreira-do-zezere\/","title":{"rendered":"Mesa de centro FERREIRA DO Z\u00caZERE"},"content":{"rendered":"","protected":false},"excerpt":{"rendered":"<p>A mesa de centro Ferreira do Z\u00eazere \u00e9 composta por um tampo em pedra e p\u00e9s que o transp\u00f5em, criando um detalhe pr\u00f3prio. Intemporal, confere protagonismo a qualquer espa\u00e7o.<span class=\"Apple-converted-space\">\u00a0<\/span><\/p>\n","protected":false},"featured_media":85,"template":"","meta":[],"product_brand":[],"product_cat":[31],"product_tag":[],"class_list":{"0":"post-53","1":"product","2":"type-product","3":"status-publish","4":"has-post-thumbnail","6":"product_cat-mesas","8":"first","9":"onbackorder","10":"shipping-taxable","11":"purchasable","12":"product-type-simple"},"_links":{"self":[{"href":"https:\/\/heme.pt\/loja\/wp-json\/wp\/v2\/product\/53","targetHints":{"allow":["GET"]}}],"collection":[{"href":"https:\/\/heme.pt\/loja\/wp-json\/wp\/v2\/product"}],"about":[{"href":"https:\/\/heme.pt\/loja\/wp-json\/wp\/v2\/types\/product"}],"wp:featuredmedia":[{"embeddable":true,"href":"https:\/\/heme.pt\/loja\/wp-json\/wp\/v2\/media\/85"}],"wp:attachment":[{"href":"https:\/\/heme.pt\/loja\/wp-json\/wp\/v2\/media?parent=53"}],"wp:term":[{"taxonomy":"product_brand","embeddable":true,"href":"https:\/\/heme.pt\/loja\/wp-json\/wp\/v2\/product_brand?post=53"},{"taxonomy":"product_cat","embeddable":true,"href":"https:\/\/heme.pt\/loja\/wp-json\/wp\/v2\/product_cat?post=53"},{"taxonomy":"product_tag","embeddable":true,"href":"https:\/\/heme.pt\/loja\/wp-json\/wp\/v2\/product_tag?post=53"}],"curies":[{"name":"wp","href":"https:\/\/api.w.org\/{rel}","templated":true}]}}